. What is the units digit of q(13)?
1
Suppose 0 = 2*l + 2, 74*l + 10700 = 4*r + 78*l. What is the hundreds digit of r?
6
Let i be (-3)/(-9) + (-8)/(-12). Suppose -2*o + 5 = -3*r + 3*o, r + o - i = 0. Suppose r = v - 1, -w + 4*w - 55 = 5*v. What is the units digit of w?
0
Let s(p) = -p + 19. Let q be s(14). Suppose 0*l = -2*x - l + 152, 3*x = -q*l + 235. What is the units digit of x?
5
Let w be 3/(3/66*6). Let t = w - 9. What is the tens digit of (-158)/(-4) - t/(-4)?
4
Let b(c) = 2*c**3 - 26*c**2 + 17*c + 6. Let v(d) = d**3 - 25*d**2 + 16*d + 6. Let o(m) = -2*b(m) + 3*v(m). What is the tens digit of o(-24)?
4
Let h(s) = 4*s. Let g be h(0). Let v(f) = -f**3 - 6*f**2 - 2*f - 9. Let r be v(-6). Suppose r*j - 7*j + 52 = g. What is the units digit of j?
3
Suppose 0 = -5*u + 7*v - 6*v + 7288, u - 1464 = -3*v. What is the units digit of u?
8
Suppose -4*q + 1 = 9. Let t be (q - 0) + 2 + -3. Let s = t + 7. What is the units digit of s?
4
Suppose 0 = -3*t - 3*r + 765, 5*t + 3*r - 1263 = r. What is the tens digit of t?
5
Suppose 4*h = -2*h + 24. Suppose -h*z - 110 = -5*y - 3*z, y - z - 18 = 0. What is the units digit of y?
3
What is the hundreds digit of -1*(20 - 0)*-107?
1
Let b(w) be the third derivative of -13*w**5/120 - w**4/12 + w**3/6 + 2*w**2. Let v(q) be the first derivative of b(q). What is the tens digit of v(-2)?
2
Let n(w) = 49*w**3 - 3*w**2 + 13*w - 25. What is the thousands digit of n(3)?
1
Suppose 0 = 3*o - 8*o - 55. Let j(q) = -q**3 - 5*q**2 - 63 + q + 3*q - 5*q**2 + 3*q + 79. What is the units digit of j(o)?
0
Suppose j = 92 + 161. What is the units digit of j?
3
Suppose -4*z + 729 = -1063. Suppose z = 6*v - 2*v. What is the units digit of v?
2
Let p(z) = 19*z**2 - 3*z. What is the tens digit of p(-3)?
8
What is the units digit of (-6)/15*(-1405)/2?
1
Suppose 0 = -5*q + 4769 + 10191. What is the tens digit of 8/(-36) + q/18?
6
Suppose 63 = -12*t + 15*t. Suppose -5*f + 0*f + 20 = 0. What is the units digit of 15/f - t/28?
3
What is the units digit of 7 - (-22)/(-3) - (-18836)/6?
9
Let k(z) = z**2 + 3*z + 1. Suppose 0 = 3*f - 5*f - 6. Let a be k(f). Let q(n) = 22*n**3. What is the units digit of q(a)?
2
Let q(k) = -565*k + 246. What is the tens digit of q(-2)?
7
Let t(a) = -27*a - 15. Let x be t(-5). Suppose 2*m = -3*k + 5*k - 40, 4*k - x = -4*m. What is the units digit of k?
5
Let p = -51 - -55. What is the units digit of (-3)/(6/(-436)) + -5 + p?
7
Suppose 18*f - 10*f = 1360. Let z = f - 155. What is the tens digit of z?
1
Let d = 1506 - 1090. What is the hundreds digit of d?
4
Let x = 2765 - 1584. What is the tens digit of x?
8
What is the hundreds digit of ((-48)/(-12) + (-2 - 3))*-3689?
6
Suppose -3*k = -21 + 3. Suppose -8*b = k*b - 336. What is the tens digit of b?
2
Let l be (0 - 4)/(-2) - (-6 + -1). Suppose -13*n + l*n = -360. What is the tens digit of n?
9
Let d(w) be the second derivative of 0 + 5*w - 11/2*w**2 - 1/2*w**3. What is the units digit of d(-8)?
3
Let c(t) = -6*t**3 - 5*t**2 + 8*t - 10. Let o(a) = a**3 - a**2 - a + 1. Let w(m) = c(m) + 5*o(m). What is the units digit of w(-11)?
3
Let u be -1 + (8*4)/(-2). Let z = 33 - u. Suppose -v - v + z = 0. What is the units digit of v?
5
Suppose 8*f - 90 = -f. Suppose -b + 12 = -f. What is the tens digit of b?
2
Suppose -3*s = 0, 0*s = k + s + 11. Let x(t) = 44*t**2 - 4*t - 2. Let r be x(-1). Let l = r - k. What is the tens digit of l?
5
Let b(j) = 8*j**2 + j - 2. Let x be b(2). Let a = 129 - x. Suppose -k - 104 = -4*y - 13, 4*y - a = -5*k. What is the units digit of y?
3
Let z(d) be the first derivative of 11*d**2 + 4*d - 12. What is the tens digit of z(2)?
4
Let d(m) = 237*m**2 - 16*m - 15. What is the units digit of d(-1)?
8
Suppose -47*f - 4890 = -53*f. What is the units digit of f?
5
Suppose 3*v - 812 = 2*t, -t - 16 = 3*t. What is the hundreds digit of v?
2
Let s = 1 + -1. Let d be -3 - (-62 + (s - -2)). Let i = d - 33. What is the tens digit of i?
2
Let m(f) = f**3 - 6*f**2 - 3*f - 3. Let u be m(6). Let a be (-72)/7 + (-6)/u. What is the units digit of a*1/4*-2?
5
What is the units digit of (-50)/(-5) + 1321 + 0?
1
Suppose -3*l = -2*h - 2, -3*h - 3 = -3*l + l. Suppose 3*x = 33 - l. Let o(z) = z**3 - 10*z**2 - 11*z + 7. What is the units digit of o(x)?
7
Suppose 5*u - v = 28, 2*u + 2 - 8 = 3*v. Let p be ((-92)/(-207))/(2/9). Suppose u*h = -5*y + p*h + 240, -201 = -4*y - 5*h. What is the tens digit of y?
4
Suppose 3*k = -2*k + c + 932, -k = -3*c - 192. Let n = k + -1. What is the tens digit of n?
8
Let j(m) be the second derivative of -m**5/20 + m**4/12 - 4*m. Let i be j(-4). Suppose i = 4*v + 20. What is the tens digit of v?
1
Let f = 27 + -55. Let h be 7/f - 9/(-4). What is the tens digit of h/15 + (-523)/(-15)?
3
Suppose -2*a = -7*a + 5430. What is the hundreds digit of a?
0
Let u(k) = -5*k**3 - 4*k**2 + 6. Let w(b) = 24*b**3 + 20*b**2 - b - 29. Let s(l) = 11*u(l) + 2*w(l). What is the units digit of s(-3)?
7
Suppose 1 = -3*v + 5*j + 5, -5*v + 20 = 5*j. Suppose 2*x - v*x - 5*l + 4 = 0, 0 = 3*x - l - 12. What is the units digit of x?
4
Suppose 4*d - 128 - 172 = 0. Let n = d - 21. Let k = -14 + n. What is the tens digit of k?
4
Let i = -536 - -2555. What is the units digit of i?
9
Let y(z) = 2*z**3 - 18*z**2 - 2*z + 33. What is the units digit of y(10)?
3
What is the hundreds digit of (-14)/21*-8268 + 8?
5
Let d = 69 + -164. Let r = 173 + d. What is the tens digit of r?
7
Let i(s) be the third derivative of -s**4/12 - 23*s**3/6 - 16*s**2. What is the units digit of i(-15)?
7
Let w(j) = 2*j**2 - 8*j - 121. What is the units digit of w(-16)?
9
What is the hundreds digit of (-12)/(-9) - (-11080)/15?
7
Let x(z) = -z**2 + 12*z + 11. Let s be x(13). What is the tens digit of (-5872)/(-144) - s/9?
4
Let g = 1132 + -388. What is the tens digit of g?
4
Let c(y) = -2*y**2 + y - 1. Let d be c(-2). Let j = 11 - d. Let f = j - 1. What is the units digit of f?
1
Let s(o) = o**2 - o - 2. Let p be s(-2). Let m = p + 0. Suppose -m - 5 = -3*l. What is the units digit of l?
3
Let a = 34 - 23. Let n be (-1 - 2)/(a - 12). Suppose -3*l = -n*t - 0*t - 165, -3*t = 9. What is the tens digit of l?
5
Suppose -6*n + 2*n + 193 = -5*r, -4*r + 64 = n. Let p = -6 + n. What is the tens digit of p?
4
Let j = -16 - -10. Let v(p) = -p**2 - 11*p - 9. What is the units digit of v(j)?
1
Suppose 13 = -4*y + 349. Suppose -219 = 5*j - y. Let f = j + 72. What is the units digit of f?
5
Suppose -2*i = -4*o + 24, -o = -i - 3*o - 8. Let p = i - -15. Suppose -4*v + 132 = 4*h, p*v - 165 = 5*h + 20. What is the tens digit of v?
3
What is the units digit of (-12267)/(-27)*3 - 0?
3
Let x(b) = -b**3 - 3*b**2 + b - 8. Let z be x(-4). Suppose 4*m + w - 647 = 0, m - z*m - 4*w = -469. What is the units digit of m?
3
Let s be (-4*8/(-2))/1. Suppose -88 = -4*d - 5*p - 28, s = 4*p. What is the tens digit of d?
1
Let b be 330/27 + 10/(-45). Suppose b*y - 9*y = 306. What is the hundreds digit of y?
1
Suppose 0 = -4*p + 8*p - 20. Suppose -p*a + 18 = -17. Suppose -4*x = -a - 13. What is the units digit of x?
5
Let d(v) = -v**2 + 17*v - 1. Let s = 48 - 34. Let c be d(s). Let y = c - 18. What is the units digit of y?
3
Let w(a) = -a**3 + 1. Let q(n) = n**3 - 3*n**2 - n + 2. Let c be q(3). Let z be w(c). Suppose -5*p + z*p + 99 = 0. What is the tens digit of p?
3
Suppose -5*a - 4*n + 2905 = -2*n, a - 573 = -2*n. What is the tens digit of a?
8
What is the hundreds digit of 84/(-378) + (-42014)/(-9)?
6
Let d(j) = 2*j**2 + 2*j - 1. Let b be d(3). Suppose -4*f + b = -65. What is the units digit of f?
2
Suppose z - 6773 = -4*r + 4004, 0 = 5*r + 4*z - 13474. What is the units digit of r?
4
Let q(w) = w**3 - 14*w**2 + 7*w + 10. Let g be q(9). Let n = g + 544. What is the units digit of n?
2
Let s(q) = q**2 - 2*q + 1. Let h(f) = 7*f**2 - 28*f - 5. Let d(v) = h(v) - 6*s(v). Let o = -11 + 28. What is the units digit of d(o)?
6
Let c be 6 - (84/18 + 2/(-3)). Let z(p) = 19*p**3 + p**2 + 4*p - 4. What is the hundreds digit of z(c)?
1
Suppose 0 = -5*a + 5*n, a = -2*a + 5*n. Let l be a - (-24)/(-2)*-1. What is the units digit of -14*6*(-8)/l?
6
Let f(i) = -i**2 + 69*i - 192. What is the tens digit of f(43)?
2
What is the hundreds digit of (-13035)/(-25) - (-18)/30?
5
Suppose 2*v - 8*v = -78. Let l be (15 - v)*4/2. Suppose 2*t + u = -1 + l, t = 5*u + 